er?
False
Is 550549 prime?
False
Is 8524699 prime?
True
Is 1119907 a composite number?
False
Is 15874129 prime?
False
Is 358079 prime?
True
Is 174283321 a composite number?
True
Is 5031085 prime?
False
Is 2225843323 a prime number?
False
Is 2340262 prime?
False
Is 677864959 a prime number?
True
Is 1885157 composite?
True
Is 11152597 a prime number?
True
Is 7048318 prime?
False
Is 14514911 a composite number?
False
Is 12557549 a composite number?
False
Is 25596901 a composite number?
True
Is 81274483 a composite number?
False
Is 4698053 prime?
False
Is 4569043 a prime number?
True
Is 17142241 a prime number?
True
Is 345878759 prime?
True
Is 8446821 a prime number?
False
Is 2745929 prime?
True
Is 628807 a prime number?
False
Is 235821961 prime?
True
Is 19546961 composite?
True
Is 89297669 a composite number?
False
Is 266745527 a prime number?
True
Is 23583413 composite?
True
Is 1412903 prime?
True
Is 437152517 a prime number?
True
Is 4110853 prime?
True
Is 16723111 a composite number?
True
Is 17426201 composite?
True
Is 167909879 prime?
False
Is 73565057 prime?
False
Is 283229 a prime number?
False
Is 95959307 a prime number?
True
Is 467999209 prime?
True
Is 31688681 a prime number?
True
Is 604851977 a prime number?
False
Is 79186633 prime?
True
Is 377679667 composite?
True
Is 2441801 a prime number?
True
Is 133358233 composite?
False
Is 1659109 a composite number?
False
Is 94998401 composite?
False
Is 113334007 a composite number?
False
Is 17765533 composite?
True
Is 44497921 a composite number?
True
Is 48942139 a prime number?
True
Is 83047 prime?
True
Is 11568773 a composite number?
False
Is 5072831 composite?
False
Is 27123 composite?
True
Is 1825297 prime?
True
Is 31181893 composite?
True
Is 1773149 prime?
False
Is 9397883 a prime number?
False
Is 5259757 a composite number?
True
Is 316847551 a prime number?
True
Is 818817515 composite?
True
Is 479194097 a prime number?
True
Is 9286061 composite?
True
Is 66611119 prime?
False
Is 2247763 a prime number?
False
Is 67265113 a composite number?
False
Is 237875941 a composite number?
True
Is 25131473 prime?
False
Is 1400249 prime?
True
Is 4624253 composite?
True
Is 115836503 a prime number?
True
Is 44576689 composite?
False
Is 38837611 a composite number?
False
Is 19055881 composite?
True
Is 10231841 a composite number?
True
Is 7956449 a prime number?
False
Is 43207543 a composite number?
False
Is 198354173 a composite number?
False
Is 3151117 prime?
True
Is 7697051 prime?
False
Is 22414453 a composite number?
False
Is 1435163 a prime number?
True
Is 3563447 a composite number?
True
Is 67103273 composite?
False
Is 166354873 prime?
True
Is 2105701 prime?
False
Is 5152783 prime?
True
Is 14928731 prime?
True
Is 22630241 a prime number?
True
Is 1436707 composite?
True
Is 9158309 composite?
False
Is 924683 prime?
True
Is 6535457 a composite number?
False
Is 7598959 a prime number?
True
Is 6812933 prime?
True
Is 5189561 a prime number?
False
Is 6938339 a composite number?
False
Is 619679 a composite number?
True
Is 11401267 a prime number?
True
Is 15178277 a composite number?
True
Is 7078718 prime?
False
Is 11817053 a composite number?
False
Is 103873361 a composite number?
True
Is 2616893 composite?
True
Is 38785853 a composite number?
False
Is 41196703 prime?
False
Is 19036247 a prime number?
False
Is 263493917 a prime number?
False
Is 482777 composite?
True
Is 276528379 prime?
False
Is 394699 a prime number?
True
Is 2253211 composite?
True
Is 83162809 prime?
True
Is 3957989 composite?
True
Is 2477683 prime?
False
Is 189443 prime?
False
Is 38161901 a composite number?
True
Is 1215309781 composite?
True
Is 18220271 prime?
True
Is 29520307 prime?
True
Is 2416114 composite?
True
Is 26928049 a prime number?
False
Is 5335651 a composite number?
True
Is 75906605 prime?
False
Is 309219347 composite?
False
Is 96870383 a composite number?
False
Is 111628261 a composite number?
False
Is 416812819 a prime number?
True
Is 2373411 a prime number?
False
Is 16654397 composite?
True
Is 28554439 composite?
True
Is 1835641 prime?
False
Is 444369277 composite?
True
Is 52445321 prime?
True
Is 170025371 a prime number?
True
Is 29167619 a composite number?
True
Is 121810061 a prime number?
True
Is 24496171 a composite number?
True
Is 22678349 a prime number?
True
Is 795530177 prime?
False
Is 9886589 prime?
True
Is 26944091 a composite number?
False
Is 33372665 a composite number?
True
Is 43476869 a prime number?
True
Is 185656738 a prime number?
False
Is 121852631 a prime number?
True
Is 5400365 a composite number?
True
Is 145561 a prime number?
False
Is 27240149 composite?
True
Is 1288717 composite?
True
Is 110110213 prime?
False
Is 462323 a composite number?
True
Is 9228683 a prime number?
False
Is 107909779 a prime number?
True
Is 97073839 composite?
False
Is 29901343 prime?
True
Is 15930743 a prime number?
False
Is 140873 composite?
True
Is 308689319 a composite number?
False
Is 81129941 composite?
True
Is 107413739 prime?
True
Is 684841 a composite number?
False
Is 32580281 composite?
True
Is 55141537 prime?
False
Is 5731259 composite?
False
Is 2272033 a prime number?
False
Is 29877319 composite?
True
Is 282670571 a prime number?
False
Is 116535157 a composite number?
False
Is 23085683 a composite number?
False
Is 468909361 prime?
True
Is 15403009 composite?
False
Is 3951661 prime?
False
Is 2670847 a prime number?
False
Is 22165669 a composite number?
False
Is 88905953 prime?
True
Is 2574343 a prime number?
False
Is 2983283 composite?
True
Is 2735569 prime?
False
Is 20742333 composite?
True
Is 1029057 composite?
True
Is 8174831 a prime number?
False
Is 29806303 a composite number?
True
Is 28029179 a composite number?
True
Is 2082883 a prime number?
False
Is 6012238 a prime number?
False
Is 5041235 a prime number?
False
Is 7711201 a composite number?
False
Is 1256579 prime?
True
Is 597491 composite?
True
Is 721883 a prime number?
True
Is 8810467 a prime number?
True
Is 28940063 a composite number?
False
Is 2119643 prime?
True
Is 358667 composite?
False
Is 16911019 composite?
False
Is 1178447 composite?
False
Is 71347313 a prime number?
True
Is 1147115 a composite number?
True
Is 75263263 prime?
False
Is 4651297 a composite number?
True
Is 85498877 composite?
True
Is 36132469 a composite number?
False
Is 340848037 prime?
False
Is 983867 a prime number?
False
Is 262561807 composite?
False
Is 630659 composite?
False
Is 11273 a prime number?
True
Is 13216655 a prime number?
False
Is 7470787 prime?
False
Is 290933441 composite?
False
Is 59667 a composite number?
True
Is 456914057 a prime number?
True
Is 203653 a prime number?
True
Is 11338601 prime?
True
Is 216067249 prime?
True
Is 3621841 a prime number?
False
Is 133192387 a prime number?
True
Is 5933881 composite?
True
Is 19564253 composite?
False
Is 116143829 composite?
True
Is 96148919 a prime number?
True
Is 1383363317 a prime number?
False
Is 32872771 a prime number?
False
Is 52038449 a composite number?
False
Is 3822337 a composite number?
True
Is 18100457 composite?
True
Is 3059501 composite?
False
Is 89753 a prime number?
True
Is 9635531 a composite number?
True
Is 41653313 a composite number?
True
Is 6556673 composite?
False
Is 539041751 a prime number?
True
Is 1401437 a composite number?
False
Is 103076594 a composite number?
True
Is 1142681 composite?
True
Is 1038143 a prime number?
True
Is 1740727 prime?
False
Is 2733697 a prime number?
True
Is 45635591 a composite number?
False
Is 18470149 a prime number?
False
Is 3241727 a prime number?
False
Is 63505333 composite?
False
Is 887965769 prime?
True
Is 5252647 a prime number?
False
Is 545711 a composite number?
False
Is 20607071 prime?
False
Is 9472622 prime?
False
Is 3807107 composite?
True
Is 2040793 a prime number?
False
Is 918796933 prime?
False
Is 79770017 a prime number?
False
Is 4299907 prime?
False
Is 41077187 a prime number?
True
Is 63956489 a prime number?
False
Is 78180677 composite?
False
Is 11595047 a prime number?
True
Is 130497953 a prime number?
True
Is 3486869 a composite number?
True
Is 87613151 a composite number?
True
Is 14758971 a prime number?
False
Is 2771081 a prime number?
True
Is 5961823 a composite number?
True
Is 325734107 composite?
False
Is 452152399 composite?
False
Is 678065 